{"id":271,"date":"2020-11-27T00:53:01","date_gmt":"2020-11-27T00:53:01","guid":{"rendered":"http:\/\/www.aatmakina.com\/cozumler\/endustriyel-kaplamalar\/yas-boya-cozumleri\/"},"modified":"2020-11-27T00:54:00","modified_gmt":"2020-11-27T00:54:00","slug":"yas-boya-cozumleri","status":"publish","type":"page","link":"https:\/\/www.aatmakina.com\/?page_id=271","title":{"rendered":"Ya\u015f Boya \u00c7\u00f6z\u00fcmleri"},"content":{"rendered":"\n<figure class=\"wp-block-table alignright\"><table><tbody><tr><td><img decoding=\"async\" src=\"https:\/\/www.aatmakina.com\/images\/pictures\/c507-multi.jpg\"><\/td><\/tr><\/tbody><\/table><\/figure>\n\n\n\n<p>Nordsonun ana i\u015f gruplar\u0131 gibi, likid sistemler grubu da; likid boyalar\u0131 ve kaplamalar\u0131 plastik, metal, ve ah\u015fap \u00fcr\u00fcnlere uygulayan elektrostatik ve non-elektrostatik spray sistemlerde de pazar lideridir.<\/p>\n","protected":false},"excerpt":{"rendered":"<p>Nordsonun ana i\u015f gruplar\u0131 gibi, likid sistemler grubu da; likid boyalar\u0131 ve kaplamalar\u0131 plastik, metal, ve ah\u015fap \u00fcr\u00fcnlere uygulayan elektrostatik ve non-elektrostatik spray sistemlerde de pazar lideridir.<\/p>\n","protected":false},"author":2,"featured_media":0,"parent":250,"menu_order":1,"comment_status":"closed","ping_status":"closed","template":"","meta":{"footnotes":""},"class_list":["post-271","page","type-page","status-publish","hentry"],"_links":{"self":[{"href":"https:\/\/www.aatmakina.com\/index.php?rest_route=\/wp\/v2\/pages\/271","targetHints":{"allow":["GET"]}}],"collection":[{"href":"https:\/\/www.aatmakina.com\/index.php?rest_route=\/wp\/v2\/pages"}],"about":[{"href":"https:\/\/www.aatmakina.com\/index.php?rest_route=\/wp\/v2\/types\/page"}],"author":[{"embeddable":true,"href":"https:\/\/www.aatmakina.com\/index.php?rest_route=\/wp\/v2\/users\/2"}],"replies":[{"embeddable":true,"href":"https:\/\/www.aatmakina.com\/index.php?rest_route=%2Fwp%2Fv2%2Fcomments&post=271"}],"version-history":[{"count":1,"href":"https:\/\/www.aatmakina.com\/index.php?rest_route=\/wp\/v2\/pages\/271\/revisions"}],"predecessor-version":[{"id":279,"href":"https:\/\/www.aatmakina.com\/index.php?rest_route=\/wp\/v2\/pages\/271\/revisions\/279"}],"up":[{"embeddable":true,"href":"https:\/\/www.aatmakina.com\/index.php?rest_route=\/wp\/v2\/pages\/250"}],"wp:attachment":[{"href":"https:\/\/www.aatmakina.com\/index.php?rest_route=%2Fwp%2Fv2%2Fmedia&parent=271"}],"curies":[{"name":"wp","href":"https:\/\/api.w.org\/{rel}","templated":true}]}}